 and 48807?
51
Calculate the greatest common divisor of 326 and 1304.
326
What is the highest common factor of 171652 and 416?
52
What is the greatest common divisor of 65 and 10340?
5
What is the highest common factor of 72 and 2146?
2
Calculate the greatest common factor of 1155 and 8448.
33
Calculate the highest common divisor of 12 and 222618.
6
What is the highest common divisor of 259 and 119?
7
Calculate the greatest common divisor of 2118 and 56127.
1059
Calculate the highest common divisor of 78980 and 484.
44
Calculate the highest common divisor of 280 and 206.
2
Calculate the greatest common factor of 68272 and 170.
34
What is the highest common divisor of 311429 and 296?
37
Calculate the greatest common factor of 13 and 457626.
13
Calculate the highest common divisor of 17 and 30606817.
17
What is the greatest common factor of 7956 and 537336?
612
Calculate the highest common divisor of 9728 and 176.
16
What is the greatest common divisor of 140295 and 2115?
705
Calculate the greatest common factor of 2901 and 144.
3
What is the highest common divisor of 6971574 and 12?
6
Calculate the highest common divisor of 1503350 and 428.
214
Calculate the highest common divisor of 10 and 82645.
5
What is the highest common factor of 2436 and 84999?
87
Calculate the greatest common divisor of 5886 and 793302.
654
What is the greatest common factor of 324 and 578016?
324
What is the greatest common factor of 550696 and 418?
38
Calculate the greatest common factor of 77 and 64603.
77
Calculate the greatest common divisor of 24008 and 8.
8
Calculate the greatest common factor of 6774060 and 120.
60
Calculate the highest common factor of 79194 and 82740.
1182
What is the highest common divisor of 379763 and 712?
89
What is the highest common divisor of 126756 and 252?
252
Calculate the greatest common factor of 56448 and 21.
21
Calculate the highest common divisor of 10689 and 2457.
21
Calculate the greatest common divisor of 5934 and 6762.
138
Calculate the highest common factor of 2692 and 864.
4
What is the greatest common divisor of 171 and 90991?
19
Calculate the highest common factor of 544 and 1036.
4
Calculate the highest common divisor of 81589 and 747.
83
Calculate the greatest common divisor of 192 and 15144.
24
What is the highest common factor of 54378 and 2394?
342
Calculate the highest common divisor of 25480 and 29645.
245
What is the highest common divisor of 8320 and 4784?
208
Calculate the greatest common divisor of 101181 and 2175.
87
Calculate the highest common divisor of 1148 and 153668.
164
What is the greatest common divisor of 1076 and 1688?
4
What is the highest common factor of 70 and 14014?
14
Calculate the greatest common divisor of 1158205 and 10.
5
Calculate the highest common divisor of 205 and 2095.
5
Calculate the greatest common factor of 264 and 10406.
22
What is the greatest common divisor of 923 and 2627?
71
Calculate the greatest common factor of 190512 and 96.
48
Calculate the greatest common divisor of 8384 and 2384.
16
Calculate the highest common divisor of 514176 and 264.
24
Calculate the greatest common divisor of 912 and 730.
2
Calculate the greatest common factor of 72470 and 20.
10
What is the highest common factor of 501 and 695722?
167
What is the highest common factor of 20 and 54588?
4
What is the highest common factor of 368 and 740912?
16
Calculate the highest common factor of 2748 and 65494.
458
What is the greatest common factor of 770 and 35288?
22
Calculate the greatest common factor of 10119 and 12.
3
Calculate the greatest common factor of 51 and 13447.
17
Calculate the highest common divisor of 200 and 163300.
100
Calculate the greatest common factor of 47139 and 3.
3
Calculate the highest common factor of 198 and 230406.
66
Calculate the highest common divisor of 247700 and 2900.
100
What is the greatest common divisor of 96 and 19032?
24
What is the highest common factor of 480 and 20704?
32
What is the greatest common divisor of 4563 and 4771?
13
Calculate the highest common factor of 1075653 and 81.
27
What is the greatest common factor of 604 and 5018334?
302
What is the highest common factor of 59490 and 2520?
90
Calculate the greatest common divisor of 28725 and 46343.
383
What is the highest common divisor of 2926924 and 1204?
1204
Calculate the highest common factor of 495 and 880.
55
What is the greatest common divisor of 177930 and 170?
10
Calculate the highest common factor of 8990 and 783.
29
Calculate the highest common divisor of 6169 and 10547.
199
What is the highest common factor of 612 and 152762?
34
Calculate the highest common factor of 8413 and 895.
179
What is the highest common divisor of 13 and 164?
1
Calculate the greatest common divisor of 142296 and 64856.
968
What is the highest common divisor of 987470 and 235?
235
What is the greatest common divisor of 91 and 5173?
7
What is the greatest common divisor of 38 and 2000320?
38
Calculate the highest common factor of 1673 and 588179.
239
Calculate the greatest common divisor of 50622 and 107679.
429
What is the highest common divisor of 240 and 3030?
30
What is the highest common divisor of 574 and 503726?
82
What is the greatest common divisor of 3728 and 13888?
16
Calculate the greatest common factor of 8056 and 103032.
424
What is the highest common factor of 308 and 296736?
44
What is the greatest common factor of 3356 and 124?
4
What is the highest common factor of 5 and 17335?
5
Calculate the highest common divisor of 638561 and 77.
77
Calculate the greatest common divisor of 45939 and 3.
3
What is the greatest common divisor of 445 and 2165?
5
What is the greatest common factor of 61705 and 6355?
205
Calculate the highest common factor of 6171 and 23341.
17
What is the highest common factor of 1139 and 31943?
17
Calculate the greatest common divisor of 27 and 3429.
27
What is the greatest common factor of 44 and 31184?
4
What is the greatest common factor of 2856 and 43656?
408
Calculate the greatest common divisor of 3667 and 2.
1
What is the greatest common factor of 1005645 and 45?
15
What is the highest common divisor of 148 and 2109?
37
Calculate the highest common factor of 20581 and 11.
11
What is the greatest common factor of 170 and 976055?
85
What is the greatest common factor of 144302 and 138?
46
Calculate the highest common factor of 7319 and 1391.
13
Calculate the highest common divisor of 510732 and 216.
108
Calculate the greatest common factor of 18178 and 244.
122
Calculate the greatest common factor of 207 and 164763.
9
Calculate the greatest common divisor of 269668 and 28.
28
Calculate the highest common divisor of 25 and 262525.
25
What is the greatest common divisor of 4836 and 35724?
156
What is the highest common divisor of 310 and 3767926?
62
Calculate the highest common factor of 56 and 25718.
14
Calculate the highest common factor of 899285 and 1665.
185
Calculate the highest common factor of 91 and 61061.
91
What is the greatest common divisor of 186942 and 378?
42
What is the greatest common factor of 5 and 1550?
5
What is the highest common factor of 9 and 147015?
9
What is the greatest common divisor of 10 and 96610?
10
What is the greatest common divisor of 3133 and 52?
13
Calculate the highest common factor of 31672 and 21238.
74
Calculate the highest common divisor of 2790905 and 39.
13
Calculate the highest common factor of 141974 and 70.
14
Calculate the highest common factor of 52809 and 58.
29
What is the greatest common factor of 135377 and 3410?
341
What is the greatest common factor of 96509 and 1428?
119
What is the highest common divisor of 336 and 1674064?
112
Calculate the highest common divisor of 381 and 111.
3
What is the greatest common factor of 80 and 21296?
16
What is the highest common divisor of 45080 and 230?
230
Calculate the highest common factor of 5141 and 159.
53
What is the greatest common divisor of 204 and 1668?
12
Calculate the highest common divisor of 17717 and 7.
7
Calculate the greatest common divisor of 171 and 882.
9
What is the highest common factor of 2272990 and 10?
10
Calculate the highest common divisor of 28764 and 2448.
612
What is the greatest common divisor of 108 and 110436?
12
Calculate the highest common divisor of 46